se 0 = -29*p - 3*p + 992. Suppose -k + 4*a + p = 0, -3*a + 4*a + 139 = 4*k. What is the greatest common factor of 10 and k?
5
Suppose 243 + 17 = 11*y - 114. What is the highest common factor of y and 3893?
17
Suppose 5*z + 4*k - 61 = -0*k, 5*z + 3*k - 62 = 0. Suppose -z*a = -11*a - 90. Let x = 75 - a. What is the highest common divisor of x and 12?
6
Let o(t) = 44*t**2 - 165*t - 41. Let v be o(4). Calculate the highest common factor of 4143 and v.
3
Suppose -8*k = 5*h - 396, k = h + 1 - 88. What is the highest common factor of 2156 and h?
28
Let x = 817 + -429. Let m be x/6 + 38/(-57). Let d be -5 + 9 + (0 - m/(-2)). Calculate the greatest common divisor of 9 and d.
9
Let i = 111 - 87. Suppose -4*n + 74 = 2. Suppose -21*h + i*h = n. Calculate the greatest common divisor of 12 and h.
6
Let h(u) = 4*u + 2. Let p be h(3). Suppose q - 39 = -2*d - 7, -36 = -4*d + 5*q. Calculate the greatest common factor of d and p.
14
Suppose -19*s + 459 = -2*s. Suppose 0 = 5*d - 103 - s. What is the highest common divisor of 234 and d?
26
Let n be (-8)/2 + 60/(-15). Let t = -6 - n. Let b be (-95)/19*(-6)/t. Calculate the highest common factor of b and 15.
15
Let l(a) = 301*a + 96. Let s be l(4). Suppose -11*m - s = -24*m. Calculate the highest common factor of m and 250.
50
Let v be ((-52)/(-8))/((-300)/(-152) - 2). Let f = v + 363. Calculate the highest common factor of f and 87.
29
Let q(g) = g**3 - 5*g**2 - 13*g - 1. Let s(d) = 3*d + 22. Let w = -37 + 32. Let j be s(w). Let y be q(j). Calculate the greatest common divisor of y and 54.
6
Let p = 389 - 216. Let v = -169 + p. Suppose 50 = m + 4*m. What is the greatest common divisor of v and m?
2
Suppose 5*v = -30, 4*v + 1676 = 2*f - 1016. What is the greatest common divisor of f and 29?
29
Let k(b) = -b**3 + 10*b**2 - 4*b + 13. Let l be k(9). Suppose -w = a + 3*w - 21, 0 = 4*a + 3*w - 110. Calculate the greatest common factor of a and l.
29
Suppose -90*l = 677 - 653 - 3804. Calculate the highest common divisor of 2919 and l.
21
Suppose 19*p - 970 = 24*p. Let o = 206 + p. What is the greatest common divisor of 132 and o?
12
Suppose -i = -16 + 1. Suppose -4*b + 3*o - o - 32 = 0, 2*b + 14 = 2*o. Let w be (b/1)/3*-1. What is the greatest common divisor of i and w?
3
Suppose -5*b = -7*n + 3*n - 931, 0 = -b + 5*n + 182. Let r = b - 131. What is the highest common divisor of r and 140?
28
Suppose -3*u + 362 = -2*h + 425, -5*u - 160 = -5*h. Let y be (-7)/2 + 8/(-16). Let w be (330/4)/((-1)/y). Calculate the greatest common factor of h and w.
33
Let q be (-2)/(-14) - (-27 + (-165974)/217). Calculate the highest common factor of q and 1144.
88
Suppose 2*t = -z + 18, -5*z + 6 = -4*z + 5*t. Suppose 12*g - 9*g - 39 = 0. What is the highest common factor of g and z?
13
Let c = 10245 + -6115. What is the greatest common factor of c and 236?
118
Suppose -h = -h - 6*h. Suppose -22 = -5*c - h*c - u, 0 = 5*c - 5*u - 10. What is the highest common factor of c and 10?
2
Let i be 6*(-55)/(-80) + (-1)/8. Let a = 63 - 51. Suppose -52 = -13*b + a*b. What is the highest common divisor of b and i?
4
Let l = 9 - -1. Suppose -28*u + 713 = -2815. Let m = u + -36. Calculate the greatest common factor of m and l.
10
Let q(b) = b**2 - 47*b + 602. Let w be q(22). Calculate the greatest common factor of 52 and w.
52
Let y(u) = 17*u - 25*u - 6 - 27*u + 9 + 4*u**2. Let g be y(10). Calculate the greatest common factor of 212 and g.
53
Let h(u) = 869*u - 726. Let z be h(4). What is the highest common divisor of z and 220?
110
Suppose 203 + 353 = 139*y. What is the highest common divisor of y and 148?
4
Let a = 1268 + -1240. Let q(w) = -w**3 + 5*w**2 + 5*w - 6. Let v be q(5). Suppose 0 = -2*x + 37 + v. Calculate the greatest common divisor of x and a.
28
Suppose 5*n + 7 = 6*n. Suppose 28 = 3*c - n*c. Let j be 4 - 0 - 392/c. Calculate the highest common divisor of 6 and j.
6
Let r(c) = c + 12. Let v be r(-5). Suppose -3 = 5*i + v. Let g be 4/(-6)*(28/i + -1). Calculate the highest common factor of g and 10.
10
Suppose -8*p + 11*p + 1005 = 5*i, 0 = 5*i + p - 985. Calculate the greatest common factor of i and 1008.
18
Let o(w) = -w**2 + 37*w - 64. Let s be o(35). Suppose 257 = s*c - 343. Calculate the highest common factor of c and 250.
50
Let q be (1/(-4))/((-1)/12). Suppose -4*y = -q*f + 20, -2*f + 1 + 5 = y. Calculate the highest common divisor of 12 and f.
4
Let n(h) = h**2 + 23*h + 112. Let w(s) = 2*s**2 - 15*s - 10. Let r be w(7). Let z be n(r). What is the greatest common factor of 410 and z?
10
Let c(k) = k**2 + 15*k - 1. Let x be c(-8). Let n = -8 - x. Let j be (84/10)/((-32)/(-1680)). What is the greatest common divisor of j and n?
49
Suppose 0 = 3*z - 2469*k + 2466*k - 300, -5*z = 5*k - 500. Calculate the highest common divisor of 425 and z.
25
Let x be (-2 + 16/6)*15. Suppose c + x = -c, 5*r - c - 625 = 0. Suppose 2*k + k = 5*b + 125, 0 = 4*k + 4*b - r. Calculate the highest common divisor of 7 and k.
7
Suppose 0 = 3*l + 3*p - 735, -5*l + 3*p + 440 = -825. Calculate the highest common factor of l and 50.
50
Let b be -15*-2*(6 - (-123)/(-6)). Let k = 449 + b. What is the highest common divisor of 2 and k?
2
Let m(s) = -139*s + 3265. Let f be m(19). Calculate the greatest common factor of f and 182.
26
Let l = -34 - -39. Let i be (l/(-3))/(15/(-18)). Suppose i - 59 = -3*w. Calculate the greatest common divisor of w and 95.
19
Let h(b) = 48*b - 1760. Let f be h(37). Calculate the highest common factor of f and 148.
4
Let y(q) = 2*q**2 - 4*q - 1. Let g be y(3). Suppose 169510 = 204*l + 141*l + 161*l. What is the greatest common factor of g and l?
5
Let p(l) = 125*l**2 - 508*l + 3551. Let b be p(7). Calculate the highest common divisor of 200 and b.
40
Let y = -17195 - -25365. Calculate the highest common factor of y and 76.
38
Suppose 7*o - 1181 = 6266 + 442. Calculate the greatest common divisor of o and 147.
49
Let m(h) = -h**2 + 18*h - 12. Let j(g) = -29*g - 186. Let b be j(-7). Let k be m(b). What is the highest common factor of k and 45?
5
Let q = 17661 + -16111. Calculate the greatest common divisor of q and 8370.
310
Let p(h) = 23*h**2 - 283*h - 55. Let c be p(13). What is the greatest common divisor of 1513 and c?
17
Let t be 143 + ((-2)/1 - 3). Suppose 0 = w + 2*w - t. Let g = 62 - w. What is the greatest common factor of g and 24?
8
Let p = 9314 + -8621. What is the highest common divisor of 143 and p?
11
Let j(t) = t - 1. Let x be (-77)/22*(-12)/14. Let u be j(x). Let c be (-4 - 0)/(u + (-216)/105). What is the highest common divisor of 28 and c?
14
Suppose -976*v - 184*v = -5800. Let l(o) = -16*o + 2. Let k be l(6). Let m = 159 + k. What is the highest common divisor of v and m?
5
Suppose -7*v - 1043 = -l, -10*v = -5*l - 12*v + 4993. Calculate the greatest common divisor of l and 264.
11
Let g = -20959 + 21055. Calculate the greatest common factor of 12704 and g.
32
Let w = -19324 - -19330. What is the highest common divisor of w and 5?
1
Let n = -1661 - -1681. Calculate the highest common divisor of 860 and n.
20
Let t be (-9)/108*-16*75/(-2). Let j be 23 + (32/(-20) - (-20)/t). Suppose -3*u - 40 = -544. What is the greatest common factor of j and u?
21
Let w be 2/(-3)*(0 - 99). Suppose 10*i = 943 + 5227. Suppose a + u - 169 = 0, -5*a - u + i = -212. What is the highest common divisor of w and a?
33
Let j = 10974 - 10862. Calculate the highest common factor of j and 2086.
14
Let u be (-6)/(-12)*774/9. Suppose 7*a = 393 - u. What is the highest common divisor of a and 1?
1
Let u(m) = -55*m**3 + 16*m**2 + 73*m + 119. Let p be u(-5). What is the greatest common divisor of p and 355?
71
Let s(g) = -527*g + 2546. Let j be s(3). What is the highest common divisor of 1351 and j?
193
Suppose -h - h + 5*j = -44, 0 = 4*j + 16. Suppose 3*z - 4*b = h, -4*b = 2*z - 8*b - 4. Let r = 116 - 44. What is the highest common factor of z and r?
8
Suppose -6*w = -183 + 279. Let a(z) = 2*z**2 + 27*z - 40. Let m be a(w). What is the highest common divisor of m and 32?
8
Let j be (-2 + 4)/((-2)/193). Let r be (5 - j) + -3 + 1. Let h = -899 - -927. What is the greatest common factor of h and r?
28
Let m be 10*((-2)/5 + 1). Suppose 5*w + 3*p - 27 = 0, 3*w - 5*p = 7*w - 32. What is the greatest common factor of w and m?
3
Let t(g) = 20*g**2 + 469*g + 938. 